{"id":26,"date":"2022-10-20T15:45:54","date_gmt":"2022-10-20T15:45:54","guid":{"rendered":"https:\/\/www.horsesandmore.fi\/?page_id=26"},"modified":"2022-10-30T19:58:57","modified_gmt":"2022-10-30T19:58:57","slug":"taustaa","status":"publish","type":"page","link":"https:\/\/www.horsesandmore.fi\/index.php\/doris-2\/taustaa\/","title":{"rendered":"Taustaa"},"content":{"rendered":"<nav class=\"is-responsive items-justified-center alignfull wp-block-navigation is-content-justification-center is-layout-flex wp-container-2\" aria-label=\"Finnish-menu\"><button aria-haspopup=\"true\" aria-label=\"Open menu\" class=\"wp-block-navigation__responsive-container-open \" data-micromodal-trigger=\"modal-1\"><svg width=\"24\" height=\"24\" xmlns=\"http:\/\/www.w3.org\/2000\/svg\" viewBox=\"0 0 24 24\" aria-hidden=\"true\" focusable=\"false\"><rect x=\"4\" y=\"7.5\" width=\"16\" height=\"1.5\" \/><rect x=\"4\" y=\"15\" width=\"16\" height=\"1.5\" \/><\/svg><\/button>\n\t\t\t<div class=\"wp-block-navigation__responsive-container  \" style=\"\" id=\"modal-1\">\n\t\t\t\t<div class=\"wp-block-navigation__responsive-close\" tabindex=\"-1\" data-micromodal-close>\n\t\t\t\t\t<div class=\"wp-block-navigation__responsive-dialog\" aria-label=\"Menu\">\n\t\t\t\t\t\t\t<button aria-label=\"Close menu\" data-micromodal-close class=\"wp-block-navigation__responsive-container-close\"><svg xmlns=\"http:\/\/www.w3.org\/2000\/svg\" viewBox=\"0 0 24 24\" width=\"24\" height=\"24\" aria-hidden=\"true\" focusable=\"false\"><path d=\"M13 11.8l6.1-6.3-1-1-6.1 6.2-6.1-6.2-1 1 6.1 6.3-6.5 6.7 1 1 6.5-6.6 6.5 6.6 1-1z\"><\/path><\/svg><\/button>\n\t\t\t\t\t\t<div class=\"wp-block-navigation__responsive-container-content\" id=\"modal-1-content\">\n\t\t\t\t\t\t\t<ul class=\"wp-block-navigation__container\"><li class=\" wp-block-navigation-item wp-block-navigation-link\"><a class=\"wp-block-navigation-item__content\"  href=\"https:\/\/www.horsesandmore.fi\/\"><span class=\"wp-block-navigation-item__label\">Doris<\/span><\/a><\/li><li class=\" wp-block-navigation-item wp-block-navigation-link\"><a class=\"wp-block-navigation-item__content\"  href=\"https:\/\/www.horsesandmore.fi\/index.php\/doris-2\/opetus\/\"><span class=\"wp-block-navigation-item__label\">Opetus<\/span><\/a><\/li><li class=\" wp-block-navigation-item wp-block-navigation-link\"><a class=\"wp-block-navigation-item__content\"  href=\"https:\/\/www.horsesandmore.fi\/index.php\/doris-2\/ratsastus\/\"><span class=\"wp-block-navigation-item__label\">Ratsastus<\/span><\/a><\/li><li class=\" wp-block-navigation-item wp-block-navigation-link\"><a class=\"wp-block-navigation-item__content\"  href=\"https:\/\/www.horsesandmore.fi\/index.php\/doris-2\/aktiivitalli\/\"><span class=\"wp-block-navigation-item__label\">Aktiivitalli<\/span><\/a><\/li><li class=\" wp-block-navigation-item wp-block-navigation-link\"><a class=\"wp-block-navigation-item__content\"  href=\"https:\/\/www.horsesandmore.fi\/index.php\/doris-2\/hevoset\/\"><span class=\"wp-block-navigation-item__label\">Hevoset<\/span><\/a><\/li><li class=\" wp-block-navigation-item wp-block-navigation-link\"><a class=\"wp-block-navigation-item__content\"  href=\"https:\/\/www.horsesandmore.fi\/index.php\/doris-2\/taustaa\/\"><span class=\"wp-block-navigation-item__label\">Taustaa<\/span><\/a><\/li><li class=\" wp-block-navigation-item wp-block-navigation-link\"><a class=\"wp-block-navigation-item__content\"  href=\"https:\/\/www.horsesandmore.fi\/index.php\/doris-2\/linkit\/\"><span class=\"wp-block-navigation-item__label\">Linkit<\/span><\/a><\/li><\/ul>\n\t\t\t\t\t\t<\/div>\n\t\t\t\t\t<\/div>\n\t\t\t\t<\/div>\n\t\t\t<\/div><\/nav>\n\n\n<p>Ratsastus on hieno harrastus: viet\u00e4t aikaa upean el\u00e4imen kanssa raittiissa ilmassa ja saat liikuntaa! Joitakin asioita on kuitenkin hyv\u00e4 ottaa huomioon jotta voisit nauttia harrastuksestasi t\u00e4ysill\u00e4.<\/p>\n\n\n\n<h2 class=\"wp-block-heading\">Hevoset eiv\u00e4t ole kovin kiinnostuneita ihmisist\u00e4<\/h2>\n\n\n\n<p>Hevoset kaipaavat ruokaa, turvaa ja seuraa. Ihmiset tarjoavat niille n\u00e4it\u00e4 kaikkia, mutta muuten eiv\u00e4t ole hevosen n\u00e4k\u00f6kulmasta kovinkaan kiinnostavia. Me ihmiset olemme se osapuoli, joka haluaa ty\u00f6skennell\u00e4. Siksi velvollisuutemme on huolehtia hevosen fyysisest\u00e4 ja psyykkisest\u00e4 ty\u00f6kyvyst\u00e4.<\/p>\n\n\n\n<h2 class=\"wp-block-heading\">Hevonen kaipaa johtajaa<\/h2>\n\n\n\n<p>Hevonen tuntee olonsa turvalliseksi, kun joku hoitaa el\u00e4m\u00e4n vaaratilanteet sen puolesta &#8211; mieluiten toinen hevonen, mutta ihminenkin kelpaa. Toimiaksesi johtajana sinun t\u00e4ytyy osoittaa olevasi luotettava ja kommunikointikykyinen.<\/p>\n\n\n\n<p>Alkajaisiksi t\u00e4ytyy ratkaista lajien v\u00e4linen kommunikointi. Hevosilla on oma kielens\u00e4. Pyyt\u00e4ess\u00e4mme hevoselta jotakin, meid\u00e4n t\u00e4ytyy tehd\u00e4 se hevosen kielell\u00e4, ei ihmisen! Ihmiselt\u00e4 vaaditaan siis kehon kielen oppimista. Onneksi hevoset ovat halukkaita ymm\u00e4rt\u00e4m\u00e4\u00e4n k\u00f6mpel\u00f6stikin puhuttua \u2018hevosta\u2019.<\/p>\n\n\n\n<p>Onnistunut vuorovaikutus toimii n\u00e4in: Tee aina hevoselle selv\u00e4ksi, mit\u00e4 haluat silt\u00e4, ja varmista, ett\u00e4 se reagoi pyynt\u00f6\u00f6si. Aina. Ja t\u00e4ss\u00e4 j\u00e4rjestyksess\u00e4. Kommunikaatio alkaa kun haet hevosen tarhasta tai karsinasta ja p\u00e4\u00e4ttyy kun viet sen takaisin.<\/p>\n\n\n\n<h2 class=\"wp-block-heading\">Hevosta ei ole luotu ratsuksi<\/h2>\n\n\n\n<p>Luonto muovasi hevoset vaeltelemaan, sy\u00f6m\u00e4\u00e4n niin paljon kuin mahdollista ja lis\u00e4\u00e4ntym\u00e4\u00e4n. Toisen el\u00e4imen kantaminen ei kuulu niiden luonnolliseen el\u00e4m\u00e4\u00e4n, mutta voimme k\u00e4ytt\u00e4\u00e4 hyv\u00e4ksi hevosen \u2018hyv\u00e4n johtajan\u2019 kaipuuta kouluttaaksemme ratsun. Ja koulutuksen ratsu vaatii. Lihaksisto tulee valmentaa kantamaan painoa, jotta emme aiheuttaisi kipuja hevoselle nyt tai sen vanhetessa.<\/p>\n\n\n\n<p>Itsekin tarvitsemme harjoitusta oppiaksemme ratsastamaan aiheuttamatta vaivoja hevoselle tai itsellemme. Valitettavasti hyv\u00e4ksi ratsastajaksi, siis sellaiseksi, joka pystyy rennosti ja pehme\u00e4sti mukautumaan hevosen liikkeeseen ja antamaan avut huomaamattomasti (lis\u00e4\u00e4 aiheesta:&nbsp;<a href=\"http:\/\/nicholnl.wcp.muohio.edu\/dingosbreakfastclub\/biomech\/biomechride1.html\">\u2018Biomechanical Riding &amp; Dressage\u2019<\/a>&nbsp;Nancy Nicholson) ei tulla muutamassa tunnissa. Paljon aikaa ja harjoitusta tarvitaan, ennen kuin keho sopeutuu reagoimaan hevosen liikkeisiin ja vaihtuviin tilanteisiin. Oikotiet\u00e4 ei ole.<\/p>\n\n\n\n<h2 class=\"wp-block-heading\">Miksi n\u00e4hd\u00e4 niin paljon vaivaa ratsastuksen opetteluun?<\/h2>\n\n\n\n<p>Mik\u00e4 mahtaa olla vastauksesi? Minun on t\u00e4ss\u00e4:<\/p>\n\n\n\n<p>Mik\u00e4\u00e4n ei ved\u00e4 vertoja tunteelle kun tammani toimii jo ajatuksesta\u2026. tai kun tulemme maastoretkelt\u00e4 yht\u00e4 tyytyv\u00e4isin\u00e4, min\u00e4 ja hevonen. Tai j\u00e4nnitykselle, kun kiid\u00e4mme yli esteiden. Ja minusta on ihmeellisint\u00e4, ett\u00e4 voin helposti hallita el\u00e4int\u00e4, joka painaa kymmenen kertaa oman painoni verran, ja voisi halutessaan kulkea ylitseni milloin vain\u2026.<\/p>\n","protected":false},"excerpt":{"rendered":"<p>Ratsastus on hieno harrastus: viet\u00e4t aikaa upean el\u00e4imen kanssa raittiissa ilmassa ja saat liikuntaa! Joitakin asioita on kuitenkin hyv\u00e4 ottaa huomioon jotta voisit nauttia harrastuksestasi t\u00e4ysill\u00e4. Hevoset eiv\u00e4t ole kovin kiinnostuneita ihmisist\u00e4 Hevoset kaipaavat ruokaa, turvaa ja seuraa. Ihmiset tarjoavat <\/p>\n<div class=\"more-button\"><a class=\"more-link\" href=\"https:\/\/www.horsesandmore.fi\/index.php\/doris-2\/taustaa\/\">Continue reading<\/a><\/div>\n","protected":false},"author":1,"featured_media":0,"parent":59,"menu_order":0,"comment_status":"closed","ping_status":"closed","template":"","meta":[],"_links":{"self":[{"href":"https:\/\/www.horsesandmore.fi\/index.php\/wp-json\/wp\/v2\/pages\/26"}],"collection":[{"href":"https:\/\/www.horsesandmore.fi\/index.php\/wp-json\/wp\/v2\/pages"}],"about":[{"href":"https:\/\/www.horsesandmore.fi\/index.php\/wp-json\/wp\/v2\/types\/page"}],"author":[{"embeddable":true,"href":"https:\/\/www.horsesandmore.fi\/index.php\/wp-json\/wp\/v2\/users\/1"}],"replies":[{"embeddable":true,"href":"https:\/\/www.horsesandmore.fi\/index.php\/wp-json\/wp\/v2\/comments?post=26"}],"version-history":[{"count":3,"href":"https:\/\/www.horsesandmore.fi\/index.php\/wp-json\/wp\/v2\/pages\/26\/revisions"}],"predecessor-version":[{"id":183,"href":"https:\/\/www.horsesandmore.fi\/index.php\/wp-json\/wp\/v2\/pages\/26\/revisions\/183"}],"up":[{"embeddable":true,"href":"https:\/\/www.horsesandmore.fi\/index.php\/wp-json\/wp\/v2\/pages\/59"}],"wp:attachment":[{"href":"https:\/\/www.horsesandmore.fi\/index.php\/wp-json\/wp\/v2\/media?parent=26"}],"curies":[{"name":"wp","href":"https:\/\/api.w.org\/{rel}","templated":true}]}}